ts digit of j?
2
Let a(z) = -369*z**3 - 3*z**2 - 7*z - 5. What is the tens digit of a(-2)?
4
Let n be 14/7 + 0/1. Suppose -2*v = -n*s - 12, 8 = -4*v - 4*s - 8. Let f(k) = 6*k + 3. What is the units digit of f(v)?
9
Let a = -6 + 15. Let b be a/2*(-32)/(-12). Suppose 5*j - 72 = 2*g, -j - g + b = g. What is the tens digit of j?
1
What is the units digit of 15/50 - (-39179)/70?
0
Suppose 135 + 25 = 4*i + 4*y, -i + 3*y + 60 = 0. What is the units digit of i?
5
Suppose 0 = a - 5*x + x - 325, -5*a = -5*x - 1625. Suppose -a = -93*g + 88*g. What is the tens digit of g?
6
Let s be 569*2*(6/(-4))/(-3). Let z = -405 + s. What is the hundreds digit of z?
1
Let a = -74 + 122. Let s = -8 - -9. Suppose a + s = z. What is the units digit of z?
9
Let b(w) = 34*w**2 - 4*w - 5. Let o(a) = -a - 22. Let z be o(-21). What is the tens digit of b(z)?
3
Let x be 0*3/(-9) + 2. Let p be (-1)/x*8/(-2). Suppose -34 = -3*h - p*a - 0*a, 3*a = 6. What is the units digit of h?
0
Suppose -4 = -5*p + 3*p. Let u = -4 + 0. What is the tens digit of (p/u)/((-5)/230)?
2
Let m = 2 - -2. Suppose -b = 2*b, 0 = -n - m*b + 23. Let l = 47 - n. What is the tens digit of l?
2
Suppose -2*f - 3*z = -82, 4*f + z - 184 = -0*f. Suppose w + f = 2*w. What is the units digit of w?
7
Suppose 0 = -5*k + 3084 - 819. Let s = 722 - k. What is the hundreds digit of s?
2
Let u(z) = -17*z**3 - 3*z**2 - 4*z - 4. What is the tens digit of u(-2)?
2
Suppose -16 = -b - 3*b + 4*s, 3*s = -b + 8. Suppose -2*i + 5*x = -95, b*i - 202 = i - 2*x. What is the tens digit of i?
5
Suppose -6 = -7*v + 3*v - 2*m, 0 = -v - 2*m + 6. Let w = -5 + 41. Suppose 2*q - 3*h = -v*q + 19, -3*q - 3*h = -w. What is the tens digit of q?
1
Suppose 3*b - 15 = -2*b. Let v(t) = 70*t + 24. What is the hundreds digit of v(b)?
2
Let t(n) = 15*n**2 + 2. What is the tens digit of t(-6)?
4
Suppose -p = 5*j - 86, 3*p - 2*j - 2*j = 258. Suppose -2*r + 3*h - 7 = -4, 2*h - 18 = -4*r. Suppose p - 20 = r*i. What is the units digit of i?
2
Let s be (-1412)/12 - 2/6. Let t = 177 + s. Suppose 5*z = 4*z + o + t, -4*z + 230 = -o. What is the tens digit of z?
5
Suppose 3*k + 1724 = -k + 4*u, 5*u = 3*k + 1299. What is the hundreds digit of (1/(-2))/(2/k)?
1
Let g = -16 - -7. Let h(n) = n**2 - 2*n - 6. What is the units digit of h(g)?
3
Let j(q) = -q**3 + 14*q**2 - 9*q - 8. What is the units digit of j(10)?
2
Let o(w) = -w + 14. Let n be o(11). Suppose -20 = -7*q + n*q. What is the units digit of q?
5
Let m(h) = 7*h**3 - 4*h**2 - 5*h - 4. Let y(i) = 13*i**3 - 7*i**2 - 9*i - 8. Let p(s) = -7*m(s) + 4*y(s). What is the units digit of p(3)?
4
Let s(q) = -26*q**2 + 21*q + 51. Let n(k) = -5*k**2 + 4*k + 10. Let t(d) = -11*n(d) + 2*s(d). What is the tens digit of t(5)?
5
Let p(t) = -376*t**3 + 2. What is the tens digit of p(-1)?
7
Let j(d) = 9*d - 27. Let f(l) = -9*l + 28. Let t(h) = 4*f(h) + 5*j(h). Suppose -a + 7 = -2*u, 3*a + 2*u + 2*u = 31. What is the units digit of t(a)?
8
Let f = 41 + -44. What is the tens digit of (90/27)/(f/(90/(-4)))?
2
Let w(l) = 3*l - 40. Let z be w(19). Let y(m) = m**3 - 17*m**2 + 5*m - 24. What is the tens digit of y(z)?
6
Suppose 2*v = 6*v - 16. Suppose n = v*n - 189. What is the tens digit of n?
6
Suppose 1296 = -94*g + 103*g. What is the units digit of g?
4
Let n be (-56)/16 - (-6)/4. Let d(q) = -14*q**3 - 3*q**2 - 2*q - 3. What is the tens digit of d(n)?
0
What is the hundreds digit of (48/(-56))/((-2)/(-14)) - -2563?
5
Let m(v) = -v**3 - 2*v**2 + 2*v + 2. Let o be m(-4). Suppose 0 = -3*i + 89 - o. What is the units digit of (-1)/(((-2)/i)/2)?
1
Let r = 1055 - 618. What is the units digit of r?
7
What is the units digit of (-36)/(-8)*124/2?
9
Suppose -5*h + d + 10 = 0, 3*h - d - 9 = -5. Suppose 0 = v + 3*z - 296, -v - 1139 = -5*v - h*z. What is the tens digit of v?
8
Suppose -4 + 10 = 2*a. Let x = 29 + -23. Suppose -a*h + 36 = q, 0 = -4*q + h - x*h + 179. What is the units digit of q?
1
Suppose 0 = 3*g - 5710 + 826. What is the tens digit of g?
2
Let h be 46*((-36)/8 - -4). Let u = -19 - h. Suppose -u*c - 54 = -254. What is the units digit of c?
0
Let j(w) = -w - 7. Let q be j(-7). Suppose 33 = -2*v + 3*d, -4*v - 68 = -4*d - q*d. Let k = 30 + v. What is the units digit of k?
2
Let o = 614 - 309. What is the hundreds digit of o?
3
Suppose -7 = 14*h - 15*h. Suppose -u + h = -11. Suppose 5*g - u = 92. What is the units digit of g?
2
Let i(u) be the second derivative of -u**5/60 + 5*u**4/12 + 11*u**3/6 + u**2/2 - u. Let a(b) be the first derivative of i(b). What is the units digit of a(8)?
7
Let k(o) be the third derivative of -o**4/12 - o**3/2 - 13*o**2. What is the units digit of k(-5)?
7
Suppose -5*k = 2*w - 67, -k - 5*w + 3 = -2*w. Suppose -k = -4*o + 61. Suppose -2*a = -105 + o. What is the tens digit of a?
4
Let t be (-1)/7 + 6 + (-120)/42. Suppose -3*y + 5*x + 315 = x, 2*y = t*x + 210. What is the tens digit of y?
0
Let s = 56 + -49. Suppose 11*z - s*z + 5*y = 405, 3*z = y + 318. What is the hundreds digit of z?
1
Let d(y) = 9 - 3*y + 4*y + 0*y. Suppose -u + 20*w = 16*w + 7, 7 = 3*u - 5*w. What is the units digit of d(u)?
8
Let f(z) = 11*z**2 - 3. Let j be f(-2). Suppose 5*y = 4 + j. What is the units digit of y?
9
Suppose 3*o - 3*l + 3197 = 13313, 0 = 2*o + 4*l - 6750. What is the units digit of o?
3
Let i = 33 + -52. Let g = 13 - i. What is the tens digit of g?
3
Suppose 0 = 5*u + 22*u - 12096. What is the units digit of u?
8
Let r(z) = -z**3 + 8*z**2 + 10*z - 11. Let u be r(9). Let k(x) = 14*x**2 - 11*x - 23. What is the units digit of k(u)?
5
What is the tens digit of -3 + (-92)/(-28) + 3624/56?
6
Let g(b) = -3*b**3 - 9*b**2 + 7*b - 17. Let y be g(-7). Suppose -4*m - r = r - y, 2*m - 276 = -4*r. What is the tens digit of m?
2
Let z = -30 - -33. Suppose g = -t + 43, z*g = g + 4*t + 62. What is the tens digit of g?
3
Let p(v) = 21*v - 27. What is the hundreds digit of p(11)?
2
Suppose 3*b = 3*w + 108, 5*b = 4*w + 120 + 58. Suppose -3*t + 2*f + 100 = -t, t + 3*f - b = 0. What is the units digit of t?
6
Let o(q) = -q**3 - 12*q**2 - 11*q + 2. Let p be o(-11). Suppose -h + 0*h + 38 = p*j, -2*j - 4*h + 32 = 0. What is the tens digit of j?
2
Let l(z) = -73*z**2 + 72*z**2 - 27*z + 3*z + 11. What is the units digit of l(-19)?
6
Let u(j) = 4*j. Let g(k) = -k**3 - 9*k**2 - 7*k. Let s be g(-8). Let q = s + 9. What is the units digit of u(q)?
4
What is the tens digit of (-477071)/(-136) + (-2)/(-16)?
0
Let k be ((-6)/3 - -1) + 24. Suppose 5 = g, -k = 5*i - g - 108. Let z = 35 - i. What is the tens digit of z?
1
Suppose 4*f = 7*f + 5*k - 1720, 2*f + 3*k = 1146. What is the tens digit of f?
7
Let o be 50/20*(-2 - 8). Let t = -22 - o. Suppose r + 2*q - 33 = -t, 0 = -3*r - 4*q + 96. What is the tens digit of r?
3
Let k(a) = 104*a + 3. Let j be k(-5). Let w = -315 - j. What is the tens digit of w?
0
Let z = -802 + 2449. What is the tens digit of z?
4
Let x(n) = -651*n + 105. Let g(a) = 25*a - 4. Let c(w) = 105*g(w) + 4*x(w). Let z be c(1). What is the units digit of (z/(-9))/(1/(-3))?
7
Let n(b) = -27 - 9*b + 35 - 3*b**2 + 3*b**3 - 2*b**3. What is the tens digit of n(6)?
6
Let q = 410 + -250. Suppose -4*d = -y - 613, -d - y = y - q. What is the hundreds digit of d?
1
Suppose 2*y + 2*t = 186, -4*t - 3 = 5. What is the tens digit of y?
9
Let b = 28 - 11. Suppose 14*j + 684 = b*j. What is the hundreds digit of j?
2
Let t(s) = s - 2. Let n be t(4). Let d(p) = p**2. Let w(r) = 7*r**2 + 3*r - 2. Let f(h) = -4*d(h) + w(h). What is the units digit of f(n)?
6
Suppose 0 = -3*t - 2*o + 15, 5*o + 18 = 3*t + 3. Suppose 5*g - 805 = -t*h, -5*h + 10 + 10 = 0. What is the hundreds digit of g?
1
Let a(u) be the third derivative of 5*u**5/6 + u**3/2 + 10*u**2. What is the units digit of a(-2)?
3
Let x(w) be the first derivative of -27*w**2/2 - 10*w + 12. What is the units digit of x(-5)?
5
Let b(y) = -y**3 - 7*y**2 - 6*y - 1. Let u be b(-4). Let k = u - -21. What is the units digit of k/(-10) - (-324)/15?
2
Suppose -f + 4*c + 603 = -11*c, 0 = -3*f + 5*c + 1769. What is the hundreds digit of f?
5
Suppose 38*x + 4 = 40*x. Suppose x*u + 6*u - 256 = 0. What is the tens digit of u?
3
Suppose -4*o + 5*i + 26 = 0, 0 = 3*o + 3*i - 3 - 3. Suppose 120 = -o*b - 3*f, -2*b - 3*f - 30 = -b. What is the tens digit of (-20)/b + (-164)/(-6)?
2
Let y = 6894 - 2945. What is th